/15)/((-4)/(-6)). Suppose z = w - 13. Calculate the highest common divisor of 28 and w.
14
Suppose 2*x - 3*x + 2 = 0. Let b be 98 + -2 + (x - -1). Calculate the greatest common factor of b and 9.
9
Suppose -5*g = o - 218 + 18, -2*g - o = -80. What is the greatest common divisor of 100 and g?
20
Let g be (0/(-4))/4 - -2. What is the highest common factor of g and 2?
2
Let y = -83 - -85. What is the greatest common factor of y and 2?
2
Let b be 6/4 + (-3)/2. Suppose b = -2*w - w + 15. What is the greatest common divisor of 15 and w?
5
Suppose -4*s - s + 10 = 0. Suppose -y - 29 = 2*h, s*h - 4*h - 30 = 2*y. Let p be 4/(-14) - 914/h. Calculate the greatest common divisor of 26 and p.
13
Suppose y = -3*y + 24. Suppose 12*p - 8*p - 168 = 0. What is the greatest common factor of y and p?
6
Suppose 0 = -3*j + 179 - 53. What is the greatest common divisor of j and 21?
21
Let k = 17 - -1. What is the highest common divisor of k and 18?
18
Let i be (1 + (2 - 1))*1. Calculate the greatest common divisor of 1 and i.
1
Suppose 2*u - 1 = 3*u. Let g = 1 + u. Suppose 5*v - 40 = -g*v. What is the greatest common divisor of 1 and v?
1
Let i = -62 + 170. Calculate the highest common divisor of 9 and i.
9
Let y(z) = z**3 - 5*z**2 - 4*z + 3. Let t be y(6). Let s = 8 + 2. What is the highest common divisor of t and s?
5
Let q be (2/(-2))/(1/(-4)). Let t be (-2 - -3 - 2)*0. Suppose -392 = -3*a - 2*c, t = 5*a + q*c + 63 - 719. Calculate the highest common factor of a and 16.
16
Let b be 2 + (24 - 0) - -2. Calculate the greatest common factor of b and 70.
14
Let m(p) = p**3 + 5*p**2 + 6*p + 5. Let x be m(-3). Suppose h + 10 = 2*o + 30, h - x*o - 29 = 0. What is the highest common divisor of 35 and h?
7
Suppose 0 = -2*z - 2*z + 264. What is the greatest common divisor of z and 22?
22
Suppose -5 = -2*o - 1. Let k be (-2)/3 + 10/15. Suppose -f - l = -2 - o, k = f - l. What is the greatest common divisor of 16 and f?
2
Suppose -2*l + 9 + 30 = -3*t, -56 = -3*l + 4*t. Calculate the highest common factor of 18 and l.
6
Let j be (-3 + -1 - -24) + -3. What is the greatest common divisor of 17 and j?
17
Let d = -16 - -40. Let g be 2/(-7) + 32/14. Suppose 2*i - 144 = -g*i. What is the greatest common divisor of d and i?
12
Let j be (-15)/(-2) - (-4)/8. Let w = -17 + 19. Suppose 3*q = q - w*d + 102, -45 = -q + d. What is the highest common divisor of q and j?
8
Suppose -5*s + 30 = -4*n + 6, 28 = 3*s + n. Suppose -8 = k - 2*k. What is the greatest common divisor of k and s?
8
Let v be (-33)/((-1)/1*1). Let c(n) = n**2 + 13*n + 17. Let k be c(-12). Suppose 39 + 16 = k*t. Calculate the highest common factor of v and t.
11
Let h(l) = l**2 + 13*l + 11. Let d be h(-17). Suppose v - 73 = 2*w - 5*w, -4*w = 5*v - d. Calculate the greatest common factor of w and 13.
13
Let x(s) = 4*s**3 - 2*s**2 - 2*s + 1. Let m be x(2). Let r = 15 + -12. What is the greatest common divisor of r and m?
3
Let t(v) = -v**3 - 6*v**2 - 7*v + 2. Let a be t(-5). Let c = a - 5. What is the greatest common divisor of c and 77?
7
Let p(y) = 5*y**2 - 2*y + 1. Let j be p(1). Let c = 188 + -100. Let t be (c/(-6))/((-7)/21). What is the greatest common divisor of t and j?
4
Suppose 0 = 2*j - j - 5. Suppose 0*o + 4*o + 3*i - 36 = 0, 44 = 2*o - j*i. Suppose 0 = h - 2 - 4. Calculate the highest common factor of o and h.
6
Let t be ((-23)/1 - -1)/(-2). Let g = 52 + -8. Calculate the greatest common factor of t and g.
11
Let y = -5 + 10. Let a(g) = -g + 1. Let b be a(2). Let s be 1/(b - (-12)/10). Calculate the greatest common divisor of s and y.
5
Suppose 35 = 5*w - 0. Let n = 3 + w. What is the greatest common factor of n and 4?
2
Suppose -2*i = 2*i - 576. Calculate the greatest common factor of 18 and i.
18
Let x = 7 + 8. What is the greatest common divisor of 5 and x?
5
Let m(z) = -z**3 + 7*z**2 - 3*z. Let i = -7 + 11. Suppose -i*x - x + 30 = j, 4*x - 24 = 3*j. Let n be m(x). What is the greatest common factor of 6 and n?
6
Let o be 2/(-5) - 110/(-25). Suppose -3*g + o*f - 36 = -4*g, -1 = -g + 3*f. Let b = -125 - -253. What is the greatest common divisor of b and g?
16
Let p = -17 - -24. Let s = p + 8. Calculate the highest common factor of s and 10.
5
Suppose -16*p = -14*p - 20. Calculate the greatest common factor of 110 and p.
10
Let u(r) = -r**3 - 3*r**2 - 3*r - 7. Suppose 4*m + o - 1 = -24, 0 = -5*m + 5*o - 35. Let l be u(m). Calculate the highest common factor of l and 17.
17
Let z(b) = -b**3 - 5*b**2 - b + 4. Let o(r) = -r. Let i(f) = -o(f) - z(f). Let u be i(-4). Calculate the highest common factor of u and 28.
4
Suppose 4*m + c - 426 = 0, 3*m - 531 = -2*m - 2*c. Suppose -3 - m = -5*t. Suppose 60 = 3*r - 39. What is the highest common divisor of t and r?
11
Let x(n) = 2*n**2 + 2. Let p be ((-8)/12)/(-2)*-9. Let z be x(p). What is the greatest common factor of 60 and z?
20
Suppose -2*p - 22 + 0 = -4*x, 3*x + 2*p = 13. Suppose 5*d - 15 - 10 = 0. What is the highest common divisor of d and x?
5
Suppose 0 = -0*n + 2*n - 12. What is the highest common factor of 4 and n?
2
Suppose 5*w + 2 = 12. Suppose -w*t - 4*k + 4 = 2, 5*t + k - 41 = 0. Let h = t + 2. Calculate the highest common factor of 55 and h.
11
Let o be (-6*(-16)/12)/(-1). Let b be ((-14)/6)/((-2)/6). Let g be b/2 - 4/o. What is the highest common divisor of g and 4?
4
Suppose 8 = 3*o - 7. Let l = 3 - o. Let m be 27*((l - -10) + -3). Calculate the greatest common divisor of 15 and m.
15
Suppose -3*n + 0*h = 3*h + 102, -4 = -2*h. Let x = n - -51. Let s = x - 10. What is the greatest common factor of s and 5?
5
Suppose 3*n = 5*a + 43, -3*n + 8*n - 45 = 3*a. Let r(h) = h**3 - 7*h**2 + 8*h - 5. Let t be r(n). Let z = t - 6. What is the greatest common divisor of z and 9?
1
Let w = -22 + 22. Suppose -4*x - 1 + 53 = w. Calculate the highest common factor of 91 and x.
13
Let a(m) = -m**3 - 7*m**2 - 4*m + 8. Let k be a(-6). Let g be (-1182)/(-33) + k/(-22). What is the greatest common divisor of 12 and g?
12
Let f be 142/10 + 5/(-25). What is the highest common divisor of 28 and f?
14
Suppose a + j = -4*a + 103, -5*j = -15. Suppose 2*y + 2*y = a. Suppose -28 = -0*t - y*t - 4*x, -2*t + 16 = 4*x. Calculate the highest common factor of t and 12.
4
Let y be 9/(-15) - (-213)/5. Let i = 6 + 1. Suppose 0 = 3*l - 2*l - i. Calculate the greatest common divisor of l and y.
7
Let q(t) = 4 - 4 - 2 - 6*t**2 - t**3 - 6*t. Let u be 23/(-4) + (-9)/(-12). Let d be q(u). What is the highest common factor of d and 3?
3
Let p(r) = -5*r + 2. Let s be p(-2). Let j(f) = f**2 - 4*f + 6. Let l be j(4). Calculate the highest common factor of s and l.
6
Let u = 255 - 27. Suppose -5*a - 5*k - 440 = 0, 4*a + u = 2*k - 148. Let t = a - -164. What is the greatest common divisor of t and 18?
18
Let r be (8/(-6))/(11/(-33)). Suppose r*k + 12 = 48. What is the greatest common factor of 9 and k?
9
Suppose 0 = 4*p + 40 - 68. Calculate the highest common factor of 49 and p.
7
Let m = -1 - -3. Suppose 3*w - n = 81, 4*w - 107 = -n + m*n. What is the highest common divisor of w and 13?
13
Let i = 29 - 22. What is the highest common divisor of i and 1?
1
Let w be (4*3/4)/((-6)/(-16)). Calculate the greatest common factor of 16 and w.
8
Let v(k) = k - 5. Let q be v(9). Let z(l) = -l**3 + 5*l**2 + 2*l - 5. Let r be z(q). Calculate the highest common factor of 19 and r.
19
Let a = -10 - -14. Suppose 0 = -2*d - a, 4*d - 5*d - 56 = -3*q. Calculate the greatest common divisor of 126 and q.
18
Suppose -2*n = 3*t - 16, t = 5*n - 2*n - 2. Calculate the greatest common divisor of 2 and t.
2
Let x = 29 + 43. Suppose 0 = -2*i + 17 - 1. What is the greatest common factor of x and i?
8
Suppose 4*f - 107 = 5*q + 142, -54 = -f + 4*q. What is the greatest common divisor of 44 and f?
22
Let c(b) = -b - 3. Let i be c(-8). Suppose 8 = 2*z - 3*u, -2*z - 15 = -i*z + 3*u. Calculate the greatest common divisor of 35 and z.
7
Let b(k) = -k - 7 - 3 - 6. Let a be b(-8). Let m = 21 + a. What is the greatest common divisor of m and 143?
13
Suppose 0 = -r - 4*r + 120. Calculate the greatest common divisor of 6 and r.
6
Let h(m) = -2*m**2 + 7*m + 4. Let o be h(3). Calculate the highest common divisor of o and 7.
7
Let k(p) = 3 - 2 + 2 - 8 - 3*p. Let d be k(-5). Calculate the greatest common factor of 50 and d.
10
Let g(o) = o + 13. 